- 26. Let y(l) = -l**3 + 9*l**2 + 3*l + 11. Let u be y(t). Suppose 0 = -m + u + 17. Calculate the greatest common factor of m and 11.
11
Suppose -2 = -2*l - 4. Let n be l*(1 - -9)/(-2). Suppose 2*t + f = 45, 3*t + 4*f - n*f - 55 = 0. What is the greatest common divisor of 5 and t?
5
Let t be 6*2/6*56. Calculate the highest common factor of t and 16.
16
Suppose -2*n - 2 = 3*d, -n + d - 1 = -3*d. Let m = n - -16. Suppose 0 = 4*o - 0*o - 180. What is the highest common divisor of o and m?
15
Let w be (-5188)/(-18) + (-4)/18. What is the highest common factor of w and 32?
32
Let q(r) = r**3 + 6*r**2 + 4*r - 1. Suppose 0 = -4*x - 20 - 0. Let u be q(x). Calculate the highest common factor of 4 and u.
4
Suppose 0 = z + 1 - 4. Suppose 0 = 2*r - 5*k - z + 5, -4*k - 29 = -5*r. What is the greatest common divisor of 1 and r?
1
Let p = 32 + -22. Let a = 16 - p. Suppose 3*n - 2*s - 138 = -0*n, 3*s = -5*n + 249. Calculate the highest common factor of n and a.
6
Suppose -4*q = -4 - 40. Let l = 31 - q. What is the highest common divisor of 30 and l?
10
Let k = 115 + -17. What is the greatest common divisor of 14 and k?
14
Suppose 4*p = 142 - 58. Let s be (14/8)/((-7)/(-84)). What is the greatest common divisor of p and s?
21
Let s(h) = 2*h**3 - 2*h**2 - 2*h + 1. Suppose -6*f - 4 = -2*f. Let n = 3 + f. Let i be s(n). What is the greatest common factor of i and 15?
5
Suppose -i + 18 = 4*t, -5*i - 4*t + 36 = -70. Calculate the highest common divisor of i and 33.
11
Suppose -4*b + 7*b + 117 = 3*l, -5*l - 64 = 2*b. Let v = b + 23. Let d = v - -36. Calculate the highest common factor of 11 and d.
11
Let u(i) = i**2 - 9*i + 7. Let c be u(8). Let p be c/((-3)/(-3)) + -7. Let r be (p/1)/((-10)/45). What is the greatest common divisor of 90 and r?
18
Suppose -5*t + 120 = -650. Suppose 3*g + 50 = 5*g + 3*r, -4*g + 94 = 3*r. What is the greatest common factor of t and g?
22
Let v = 21 - 1. Let n(z) = z - 1. Let c be n(5). What is the highest common divisor of c and v?
4
Let o = 38 - 20. What is the highest common factor of 27 and o?
9
Suppose 2*p + 4*x - 4 = 0, -3*p - p = 5*x - 23. What is the highest common factor of 36 and p?
12
Let q be -5 - -7 - 8/(-2). What is the highest common factor of q and 4?
2
Let q = -58 - -53. Let c be (-2 + 1)/((-3)/(-36)). Let u be q/30 + (-314)/c. Calculate the highest common divisor of u and 208.
26
Let y(s) = s**2 - 8*s + 4. Let n be y(6). Let m = -6 - n. Suppose m*v = f - 45, -8*f + 3*f + 255 = -4*v. Calculate the highest common factor of f and 22.
11
Suppose -4*x + 9*x - 75 = 0. Suppose x*j + 24 = 16*j. Calculate the highest common factor of j and 60.
12
Let c(u) = -u**2 - 10*u - 3. Let x be c(-7). Let f = -8 + x. What is the greatest common factor of f and 25?
5
Let o = -5 + 4. Let w be (0/(o - 2))/(-2). Suppose w = 6*x - 2*x - 32. Calculate the highest common divisor of x and 24.
8
Suppose 0 = -4*u + 72. Let x = u - 12. Suppose 2*j + 45 = 3*y, 3*y + 0*j - 3*j = 45. What is the highest common factor of y and x?
3
Let g(h) = 16*h - 90. Let n be g(7). Let z be (0 - -21) + 3 + -2. What is the greatest common divisor of z and n?
22
Let t = 88 - 62. What is the highest common factor of t and 286?
26
Suppose -16 = 7*g - 44. Let x = 81 - 45. What is the greatest common divisor of x and g?
4
Let h(b) = b**3 - 7*b**2 - 4*b + 2. Let m be h(7). Let f be 4/m - 84/(-39). What is the greatest common divisor of f and 1?
1
Suppose 33 + 52 = 5*t. Suppose -j + 2*j - t = 0. Suppose -355 - 155 = -5*f. Calculate the highest common divisor of f and j.
17
Suppose 2 + 2 = v. Let g(u) = -v - 6*u - 3 - 3 + u**2. Let x be g(10). What is the highest common divisor of x and 45?
15
Let t(v) = v**3 + 8*v**2 - 10. Let m be t(-8). Let k = 42 + m. Calculate the highest common divisor of 4 and k.
4
Let c = 0 + 4. Suppose 0*u + 4*u - o = 6, c = -4*u - 4*o. Let r be (-2 - -4)*(u + 9). What is the highest common factor of r and 220?
20
Let p be 1/(-2) - 7/(-2). Let f(o) = 3*o**3 - o**2 - 2*o + 4. Let q be f(p). Suppose 8*k - 40 = 4*k. Calculate the greatest common divisor of q and k.
10
Let l = -46 + 32. Let g be 3/6*-2 - l. Calculate the highest common factor of g and 13.
13
Let u be (0 + 3)/(-1) + 2. Suppose -2*x - x + 3*h = -21, -x - 2*h = 8. Let f = x - u. Calculate the greatest common factor of 1 and f.
1
Suppose 0 = 3*u - 28 + 4. Calculate the greatest common divisor of 24 and u.
8
Let t be 3 - 1 - (-3 + 1). Suppose 2*g - t = -4*c, -2*g - 5*c + 14 = 2*g. Suppose -a + g = 3. What is the highest common factor of a and 21?
3
Suppose -3 = -2*n + 3. Suppose -3*m = n*m - 930. What is the highest common divisor of 31 and m?
31
Let t = 12 + -7. Let j = 1 + t. Calculate the greatest common divisor of j and 48.
6
Let m be 8/(-6) - (-8)/(-12). Let a = m + 4. Let v = 5 - 3. Calculate the highest common factor of v and a.
2
Suppose m + 2*m = 315. Suppose 2*k = -3*k + 75. Calculate the highest common factor of k and m.
15
Let x(h) = -h**3 + 154. Let d be x(0). Let y = 2 + -2. Suppose y = q - 4 - 10. What is the greatest common factor of q and d?
14
Suppose 5*s + 87 = 3*q, -q + 0*s = -5*s - 19. What is the greatest common divisor of q and 68?
34
Let k(i) = -i**2 + 11*i + 5. Let a be k(9). Let v be (a/4 + 1)*4. Let y = -12 + v. Calculate the highest common divisor of 10 and y.
5
Let o(v) = 2*v**2 + 36*v + 8. Let j be o(-18). Suppose y + 5 = 13. Calculate the greatest common divisor of j and y.
8
Let d be (-2)/(-2) + 1*181. Let v be (-77)/22*52/(-7). Calculate the highest common factor of d and v.
26
Suppose 39 = 3*o - 3. Let x be (-30)/(-4) + (-4)/8. Calculate the greatest common divisor of o and x.
7
Let l = 20 - 17. Suppose -l*q + 0*q = -66. What is the greatest common factor of 22 and q?
22
Let d(j) = 30*j + 9. Let m be d(7). Suppose -m = -3*z + l + 38, -z - 5*l = -59. Calculate the highest common factor of 12 and z.
12
Let k = 36 - 16. Calculate the highest common factor of 10 and k.
10
Let r be 1/(-2 + 76/36). Let w be 272/6 + (-3)/r. What is the greatest common divisor of w and 9?
9
Let n = -2330 + 4477. Let o be 4/(-30) + n/15. Calculate the highest common divisor of 13 and o.
13
Let s(r) = r**3 - 6*r**2 + 3*r - 13. Let p be s(7). What is the highest common factor of p and 38?
19
Suppose 6*s = 2*s + 28. Suppose 3*i - 6 = 3. Let z = s - i. What is the greatest common divisor of 16 and z?
4
Suppose 0 = -18*b + 20*b - 64. Calculate the greatest common factor of b and 48.
16
Suppose -216 = -4*x + 4*j, -x = 4*x + 5*j - 280. What is the greatest common factor of 11 and x?
11
Let z be ((-3)/3 - 13)*-2. Let a = z + 52. What is the greatest common factor of 16 and a?
16
Suppose -3*s = 3*d - s - 82, -d + 34 = 2*s. Calculate the greatest common factor of 16 and d.
8
Let q be ((-1 - -2)/1)/(-1). Let f(t) = -3*t**3 - t**2 + t + 1. Let i be f(-1). Let n = i + q. Calculate the highest common factor of 9 and n.
1
Let y = 49 + -21. Suppose -i = 2*w - 3*i - 458, -10 = 2*i. What is the highest common factor of w and y?
28
Let v = 16 - 25. Let l = v + 45. Let d be (-3)/(3 - 0)*-24. What is the highest common factor of l and d?
12
Let n(f) = f**3 - 9*f**2 + 3*f - 3. Let q be n(9). What is the highest common divisor of 216 and q?
24
Let c be ((-150)/(-18))/((-1)/(-39)). Suppose c = a + 4*a. Calculate the greatest common divisor of 26 and a.
13
Let y be 2 + 2 + -2 - -9. Let k = 25 + -3. What is the greatest common divisor of y and k?
11
Suppose -36 = -9*k + 63. Suppose a = 4, 0*z - 87 = -3*z + 3*a. Calculate the highest common factor of k and z.
11
Suppose 0 = 5*n, 4*x + 2*n = 5*n + 32. Let a(k) = k**3 + 6*k**2 + 2. Let z be a(-6). Let i be 108/3*z/3. What is the highest common divisor of i and x?
8
Suppose -2*b + 5 = 1. Suppose -d = s - 28, b*s - 4*s + 40 = -2*d. What is the greatest common factor of 60 and s?
12
Let a be 1539/12*48/9. Suppose 0 = -q - 3*q + a. What is the greatest common divisor of q and 19?
19
Let u be 20/(1/((-4)/(-8))). Let s(d) = -9*d**3 + d**2 - d + 2. Let y be s(-2). Calculate the greatest common divisor of y and u.
10
Suppose j = -4*b + 228, -3*j - 4 = -b + 66. Calculate the greatest common divisor of 203 and b.
29
Suppose -14 = -23*w + 21*w. What is the greatest common divisor of w and 49?
7
Let x(l) = 4*l**2 - 2*l + 5. Let k be x(-6). Let o be 3 - (-5)/(20/(-24)).